) = -2*s + 47. Let n be q(-14). What is the highest common factor of n and 30?
15
Let z be (12/(-10))/(4/(-30)). Calculate the greatest common factor of 45 and z.
9
Suppose 8*p - 700 = 3*p. What is the greatest common divisor of p and 56?
28
Suppose d - 7 = -3*o + 8, d = 3*o - 9. Suppose 5*i + 0*r - 115 = o*r, 0 = 5*i - 2*r - 125. Suppose 2*u - i = -u. What is the highest common factor of 72 and u?
9
Suppose 0 = -2*y - 2*m + 83 - 13, 0 = -3*y + 5*m + 81. What is the highest common factor of y and 80?
16
Suppose 0 = -l + 69 + 12. What is the highest common divisor of 54 and l?
27
Suppose 3*w = w + 5*f - 12, 0 = 3*w + 4*f + 18. Let v(d) = -32*d + 6. Let j be v(w). Calculate the greatest common divisor of 22 and j.
22
Let w = 9 - 5. Suppose w*j - 48 = j. Calculate the greatest common divisor of j and 2.
2
Suppose 0 = -3*x, 4*x - 3 - 5 = -4*d. Let p(c) = -10*c + 12*c - 5 + 2*c**d + 9*c. Let l be p(-8). What is the highest common factor of l and 7?
7
Suppose 2*f + 9 = 5*w, -4*f - 2*w - 13 = 17. Let s be (1 - 0)*-2 - f. What is the highest common factor of 45 and s?
5
Suppose 4*y + 0*q + 114 = q, 24 = -y - 2*q. Let a be (-5)/((y/32)/7). Let f be ((-2)/4)/((-3)/48). What is the highest common divisor of f and a?
8
Suppose -3*p + 8 = -4. Suppose 3*v - 5*g + g = -p, -v + 2*g = 2. Suppose v = 5*u - 5 - 10. Calculate the greatest common divisor of u and 6.
3
Suppose c + 5*a - 14 = -3*c, -5*a - 10 = 0. What is the greatest common factor of 48 and c?
6
Let y be 12/24 - (-173)/2. Calculate the greatest common divisor of 58 and y.
29
Let s = 0 + 4. Suppose -s*r + 21 = -t, r - 18 = -4*r + 4*t. Let d = -2 + 5. Calculate the greatest common divisor of r and d.
3
Let a = 56 - 44. Calculate the highest common factor of 6 and a.
6
Let b = -36 - -69. What is the greatest common factor of 22 and b?
11
Let y = -3 - -5. Let t be (11 - y)*(-2 - -9). Calculate the greatest common factor of 7 and t.
7
Suppose 0 = -6*r + 44 + 46. Calculate the greatest common divisor of 45 and r.
15
Let a(m) = m**2 - m - 16. Let r be a(8). What is the greatest common factor of r and 10?
10
Let j(a) = 19 + 8*a + 17 - 38. Let b be j(2). Let v(w) = -5*w - 9. Let d be v(-6). What is the greatest common factor of b and d?
7
Let v be (-87)/(-4) - 8/(-32). Calculate the greatest common factor of v and 33.
11
Let m(w) = 3 + 0*w + 0 + w**2 + 2*w. Let o be m(3). Let k be (-5 + 29)*(-42)/(-8). Calculate the greatest common factor of o and k.
18
Let c(s) = -4*s**3 - 3 + 1 + 9*s - s**2 + 3*s**3 - 5*s**2. Let v be c(-9). What is the highest common divisor of 20 and v?
20
Let a = -5 - -8. Suppose -a*x + 0*x + 192 = 0. Suppose 0 = 5*u + 2*p - x, 0*u + 5*u - 5*p - 50 = 0. What is the highest common factor of 6 and u?
6
Let t(k) = -k**3 + 11*k**2 + 14*k - 12. Let z = 23 + -11. Let b be t(z). What is the greatest common factor of b and 72?
12
Let i be (10/8)/((-1)/(-4)). Let z = 40 + -19. Suppose z = 3*g - 2*u, 5*g - 4*g - 8 = u. Calculate the greatest common factor of i and g.
5
Let v(o) = -o**3 - 11*o**2 - 4*o - 9. Let n be v(-11). What is the greatest common factor of 5 and n?
5
Let f(x) = 85*x. Let q be f(1). Let n = 141 - q. Calculate the greatest common factor of 7 and n.
7
Let k be 1*2*-1*-1. Suppose 358 = 2*y + 2*y + k*z, 3*y = -5*z + 279. Calculate the greatest common divisor of y and 8.
8
Let x be (24/(-10))/(30/(-525)). What is the highest common divisor of x and 6?
6
Let t = 46 - 2. Suppose -d + t = 3*d. Calculate the highest common divisor of 44 and d.
11
Let a(y) = -y**3 - y + 2*y - 1 + y + 14*y**3 - 2*y**2. Let f be a(1). Calculate the greatest common divisor of f and 6.
6
Let j be 151/(-3) - (-4)/(-6). Let a be j/(-6) + (-3)/2. Calculate the greatest common factor of 7 and a.
7
Suppose 4*o - 76 = 4*j, -5*j = -0*j + 20. Suppose 2*n + o = 5*n. Calculate the greatest common factor of 1 and n.
1
Let k = -1 - -33. What is the highest common factor of 4 and k?
4
Let z(f) = 31*f**3 + 2*f**2 - 2*f + 1. Let i be z(1). Let b be 10 + 1 + (-6)/2. Calculate the highest common divisor of b and i.
8
Suppose -10*i + 12*i = 132. Let a be (4/(-6))/(2/(-141)). Suppose 42 = 3*d - 3*o, -5*d + a + 20 = -4*o. What is the highest common factor of d and i?
11
Suppose 0 = 3*n - 15, -g + 5*n + 855 = g. Suppose 80 = -4*b + g. Calculate the highest common divisor of 9 and b.
9
Suppose -j + 1 + 0 = 3*o, 5*o + 17 = j. What is the greatest common factor of 7 and j?
7
Let r(j) = -j**2 - 5*j + 3. Let q be r(-6). Let m be (-25)/(q + 0 + 2). Calculate the highest common factor of 10 and m.
5
Let w be 10 - ((-6)/(-3) - 1). Suppose 3*c = -w + 24. Suppose 5*u - 6 - 44 = 0. Calculate the greatest common divisor of c and u.
5
Suppose -91*n + 87*n = -144. What is the greatest common factor of n and 6?
6
Let j(x) = x**3 + 19*x**2 + 18*x + 14. Let a be j(-18). Calculate the highest common factor of 98 and a.
14
Suppose k - 3 = -0. Suppose -2*b = 5*u + 20, 2*b + b = k*u - 72. Let x be (13/2)/((-2)/b). What is the highest common factor of x and 26?
13
Suppose -j + 28 = 3*j. Let y = 135 - j. Calculate the highest common factor of y and 16.
16
Suppose 48 = -3*h + h. Let f be 6/30 - h/5. Suppose p - 23 = -f. Calculate the highest common factor of 12 and p.
6
Suppose 2*v = -2*v + 168. What is the highest common factor of 6 and v?
6
Let b = -5 - -9. Suppose 24 = 3*s - 5*k, -b*s = 3*k - 0*k - 3. Suppose -2*m = -s*m + 20. What is the greatest common divisor of m and 4?
4
Suppose 3*k - 7 - 8 = 0. Suppose 59 = k*d - 16. What is the highest common factor of 75 and d?
15
Let b(k) = 65*k**2 - 2*k + 1. Let x be b(1). Let a = 1 - -1. Suppose 93 = 3*z - 5*n + 20, -4*z - a*n = -54. What is the highest common divisor of x and z?
16
Suppose -2*b - 3*b = -60. What is the highest common divisor of 18 and b?
6
Suppose 5*b - 28 - 7 = -5*r, -2*b + 11 = r. Calculate the highest common divisor of 4 and r.
1
Let z = 325 + -244. Let y(j) = -j**3 - 6*j**2 - 6*j + 4. Let r be y(-5). What is the highest common factor of r and z?
9
Suppose 2*k + 74 = 4*k - 5*t, 4*k - t - 166 = 0. Calculate the greatest common divisor of k and 56.
14
Let x(l) = -2*l + 13. Let m be x(-10). Let h = -29 + m. What is the greatest common divisor of 10 and h?
2
Let f = 135 - 72. Calculate the highest common divisor of 9 and f.
9
Let n = -9 - -17. Let v be (-1 - (3 + -2)) + n. Suppose 0 = 3*y - v*y + 66. What is the greatest common factor of y and 154?
22
Let v be ((-19)/(-2))/((-2)/(-4)). Let j(n) = 6*n + 1. Let u be j(-1). Let a(i) = -34*i + 1. Let w be a(u). Calculate the greatest common factor of w and v.
19
Let v(b) = -b - 3. Let s be v(4). Let k(a) = 0*a + a**3 + 8*a**2 + 2*a - 2 - 2 + 4*a. Let p be k(s). Calculate the highest common divisor of 24 and p.
3
Suppose 20 = -4*a, -q + 35 = -4*a - a. Let c be 4/(-10)*(-105)/7. Suppose 4 + c = 5*o. What is the highest common factor of q and o?
2
Let w = 4 + 22. What is the greatest common divisor of 13 and w?
13
Let z be 1 - (1 - -2 - 14). Calculate the highest common factor of z and 8.
4
Let i = -3 + 4. Let w be 0*(i + (1 - 1)). Suppose 3*o - 169 = j, 5*o - 284 = -w*o + 4*j. What is the highest common divisor of o and 7?
7
Suppose -1 - 3 = -i. Suppose -15 = 3*c - i*c. Let a(n) = 7*n**2 + 2*n - 2. Let m be a(2). Calculate the highest common factor of c and m.
15
Let f = -5 + 10. Suppose 5*z + 4*n - 92 = 3*n, -f*z = -4*n - 82. What is the greatest common factor of 45 and z?
9
Suppose -p - 4*p = c - 65, -4*c + 50 = 5*p. Calculate the greatest common divisor of 70 and p.
14
Suppose 0 - 24 = 4*a. Let x be 0 + (-5)/(5/a). What is the highest common divisor of 9 and x?
3
Let k(v) = 3*v**2 + 2*v + 10. Let d be k(-5). What is the highest common divisor of 25 and d?
25
Let d be -3*(-9)/(-6)*-2. Suppose w + 3 = -2, 3*w = -5*j - 10. What is the highest common divisor of d and j?
1
Let v(o) = -13*o - 7. Let u be v(-2). Calculate the highest common divisor of 76 and u.
19
Let w(s) = -s**3 - 13*s**2 + 20*s - 5. Let x be w(-15). Calculate the greatest common divisor of x and 58.
29
Let g(w) = 8*w**2 + w - 4. Let y be g(4). Let i = -51 - -67. What is the greatest common divisor of y and i?
16
Let k = -19 + 73. Calculate the highest common factor of 36 and k.
18
Let g = -55 + 17. Let y be g/(-9) - 2/9. What is the greatest common factor of y and 10?
2
Le